 d(x) = -x**2 + 6*x - 6. Let u be d(n). Suppose -6 = -u*j + 6. What are the prime factors of j?
2, 3
Let q(m) = -4*m - 1. Let p be q(-1). Let t be p/6 + (-25)/(-2). Suppose -t + 3 = -2*c. List the prime factors of c.
5
What are the prime factors of (-12)/48 - (-101)/4?
5
Let j be 6/((2 + -1)*2). Suppose -o - 6 = -3*h - h, -j*o - 10 = -4*h. Let i = 4 - o. What are the prime factors of i?
2, 3
Suppose 4*a = 521 + 419. What are the prime factors of a?
5, 47
Suppose 6*t - 3*t = 222. Let i = t + 1. Suppose 5*l + i = 5*v, 0*l = -2*v - l + 15. What are the prime factors of v?
2, 5
Let u(x) = -2*x - 3. Let t be u(-2). What are the prime factors of -3 - (t - (-3 - -11))?
2
Let l be (0 - -78) + 44/11. Suppose 0*b + 2*b - l = 0. List the prime factors of b.
41
Let k(m) = -m**3 - 1. Let h be k(-1). Suppose -g = -i - 19, 2*g + h*i = -i + 38. List the prime factors of g.
19
What are the prime factors of (1/2)/((-6)/(-852))?
71
Suppose -2*v + 4 + 2 = 0. Suppose -v*p + 95 = p - 3*o, 2*p + 3*o - 61 = 0. List the prime factors of p.
2, 13
Let c = -74 + 126. List the prime factors of c.
2, 13
Let m = -1 - -10. What are the prime factors of (m/(-2))/((-3)/8)?
2, 3
Let u be -2 - (-3 + 1 - -5). List the prime factors of (-87)/u + (-4)/10.
17
List the prime factors of 16/(-20) - 798/(-10) - -2.
3
Let b be (-2 + 8)/(9/24). Let t = 27 - b. Suppose -r - t = -2*r. List the prime factors of r.
11
Let m = 15 - 6. Suppose 0 = -3*k + 12 + 45. Let b = k - m. List the prime factors of b.
2, 5
Let u = 2 + -2. What are the prime factors of (-3)/(9/(-6)) + u?
2
Let k be 12*(-3 + 15/6). Let v(m) = m**3 + 7*m**2 + m - 7. List the prime factors of v(k).
23
Let u = -16 + 33. What are the prime factors of u?
17
List the prime factors of (86/(-3))/(((-60)/18)/5).
43
Let v = -1 + 5. Suppose -v*d + 3*d = -5. Let b = d + 4. What are the prime factors of b?
3
Suppose 0 = -5*x + 5, 5*c - 1387 = -x - 151. What are the prime factors of c?
13, 19
Let h = 51 + -13. List the prime factors of h.
2, 19
Let d(p) = -p**2 + 4*p. Let v be d(4). Suppose v = 2*w - 16 - 10. What are the prime factors of w?
13
Let x = -8 - -13. Suppose 0 = -5*d, 2*h - x*d + d - 28 = 0. What are the prime factors of h?
2, 7
Let s = -2 + 7. Suppose 6*k - s*y - 15 = 4*k, 0 = 2*k - 3*y - 13. Suppose 3*z - 13 = -k*o + o, -4*z - 3*o = -29. What are the prime factors of z?
11
Suppose 20 + 14 = r. List the prime factors of r.
2, 17
Suppose 5 = v + y, 2*v - 7*v = 3*y - 17. Let r = 3 - v. List the prime factors of r.
2
Let v = -43 - -87. Let p(s) = s**3 + 6*s**2 - 15*s - 27. Let y be p(-6). Let o = y - v. List the prime factors of o.
19
Suppose 3*t - 4*u = 149, 2*t + 0*t - 96 = 2*u. List the prime factors of t.
43
Suppose -11*d - 300 = -15*d. What are the prime factors of d?
3, 5
Let b = -15 - -22. What are the prime factors of b?
7
Suppose q = -2*v + 98, v + 2*q = -v + 96. What are the prime factors of v?
2, 5
Let t be (-7 - -1)*(-1)/2. Let a(x) = 5*x**2 - 2*x - 1. Let b be a(t). Suppose 18 + b = 4*h. What are the prime factors of h?
2, 7
Suppose 2*m + 2*u = -0*u - 8, 2*m + 3*u = -11. What are the prime factors of 45 - -1 - (m - -1)?
2, 23
Suppose 4*g - 5*z = 65, 2*z - 7*z = -2*g + 25. Suppose -2*w + g + 10 = 0. What are the prime factors of w?
3, 5
Let o = 21 + 3. What are the prime factors of o?
2, 3
Let b(r) = r**3 - 13*r + 4. What are the prime factors of b(5)?
2
Let t = -5 - -5. Suppose t*k = 5*k - 175. What are the prime factors of k?
5, 7
Let s(b) = 8*b - 26. What are the prime factors of s(11)?
2, 31
Let f(y) = -y**2 + 8*y + 2. Let w be f(8). Suppose w*d = 3*d - 7. Suppose 3*l - 2*o = 46, -3*l + d*l - 52 = -2*o. What are the prime factors of l?
2, 7
Suppose 0 = -5*w - 3 - 2. Let o be 20/16 - w/(-4). Suppose -o = -x + 3. List the prime factors of x.
2
Let a = -63 - -106. What are the prime factors of a?
43
Let c(g) = 2 - 2 + 6*g + 6*g**2 - 3*g**3 + 4*g**3. What are the prime factors of c(-4)?
2
Let q(u) = -u**3 - 11*u**2 - 5*u + 8. Let p be q(-10). Let n = p + 78. What are the prime factors of n?
2, 3
Suppose 0 = 3*k + 3. Let h be (-5 - -5) + (3 - k). List the prime factors of (4/2)/h*4.
2
List the prime factors of (0 + 2)*159/6.
53
List the prime factors of (-55)/(-22)*1*34.
5, 17
Let d = 7 + -4. Suppose 0*t = -d*t - 12. What are the prime factors of 18/t*(-8)/6?
2, 3
Suppose -5*b = t - 38, 3*b + 0*t + t = 24. What are the prime factors of b?
7
Suppose -5*a - 2*t + 24 = 0, -t = -4*a + 2*t + 33. What are the prime factors of a/8 - (-366)/24?
2
Suppose 0 = -c + 3*c - 2. What are the prime factors of 3 + (-1 - (c - 6))?
7
Suppose 2*z - 5*j - 9 = 0, 2*z + 0*j + j = -21. List the prime factors of (10/8)/((-2)/z).
5
Suppose 17 + 7 = -4*a. What are the prime factors of (-44)/a - (-2)/(-6)?
7
Let v(p) = -p**2 - 15*p - 17. What are the prime factors of v(-7)?
3, 13
Let d = -22 - -12. Let j = d - -33. What are the prime factors of j?
23
Suppose 4*i + 4*t + 260 = 0, 2*t + 3*t = 3*i + 203. Let h = -31 - i. What are the prime factors of h?
5, 7
Let n(q) = q**3 + 2*q**2 - 13. What are the prime factors of n(6)?
5, 11
Let w be (-2)/2 - (-2)/2. Suppose 4*u - 19 + 3 = w. What are the prime factors of (1/3)/(u/108)?
3
Suppose 4 + 20 = 6*o. What are the prime factors of o?
2
Suppose 10 = 4*b - 2*b. Suppose -12 = b*x - 37. Suppose -34 = -x*n + 4*o, 3*o + 18 = 2*n + 3. What are the prime factors of n?
2, 3
Let h be (-90)/(-12)*(-12)/10. List the prime factors of (-93)/h - (-1)/(-3).
2, 5
Let o = -31 + 55. List the prime factors of o.
2, 3
Let p = -78 + 322. What are the prime factors of p?
2, 61
Let c = 9 - 4. Suppose -c - 7 = 3*a. List the prime factors of (-21)/(a - -1)*1.
7
Suppose -15 = -2*b + 15. Suppose 0 = -4*k - 2*u + 3*u + 8, -4*k - 4*u = 12. What are the prime factors of (-3)/((-9)/b) + k?
2, 3
Let d(j) = -j**2. Let p be d(0). Suppose 3*b - 5*r - 40 - 14 = p, 5*r - 37 = -4*b. List the prime factors of b.
13
Let a(z) = -z**2 - 2*z + 4. Let g be a(-3). Let l be 1/(g + (1 - 3)). List the prime factors of 6*2/(-3)*l.
2
Let o(c) = 4*c**2 - 13*c + 22. List the prime factors of o(4).
2, 17
Let l(t) = -t**2 - 4*t - 1. Let k be l(-4). What are the prime factors of (-5 + k)*(-16)/12?
2
What are the prime factors of (-6)/(-15) - (-3 - 1192/20)?
3, 7
Let p(j) = 2*j**3 + 6*j - 11. List the prime factors of p(5).
269
Suppose 5*v + 3*x - 1352 = -x, -1325 = -5*v + 5*x. List the prime factors of v.
2, 67
Suppose -3*s + 1188 = 6*s. What are the prime factors of s?
2, 3, 11
Suppose -7 = 5*l + 3*m, 3*l + 3*m + 2 = -m. Let j be 5/((l - -3) + 0). Suppose -5*t - j*r = -80, -t + 2*r + 101 = 4*t. What are the prime factors of t?
19
Suppose g - 2*g = -5*c + 13, 4*g + 2 = -5*c. Let m(t) = 3*t + 1. What are the prime factors of m(c)?
7
Let o = 6 - 4. Suppose 3*h = -4*w - o, -h + 10 + 2 = -5*w. List the prime factors of h.
2
Let k(q) = -9*q - 19. List the prime factors of k(-8).
53
Suppose 3*v + r - 22 = 3*r, -2*v - 2*r - 2 = 0. Suppose -a + 3*p + 53 = v*a, 5*a - 4*p - 49 = 0. What are the prime factors of a?
13
Let g(i) = -i**3 + 6*i**2 - 6*i + 7. Let k be g(5). Suppose -k*f - 96 = -5*l - 11, l - 24 = -f. What are the prime factors of l?
19
Suppose 2*t - 11 - 63 = 5*r, -5*r - 20 = 0. Suppose 3*j - 5*v = -7 + t, -2*j + 11 = -v. Suppose j*i - 21 = 9. What are the prime factors of i?
2, 3
Let m = 123 - 77. What are the prime factors of m?
2, 23
Let t(n) = n**3 + 10*n**2 + 3*n - 7. Let d be t(-9). List the prime factors of 6/(-8) + d/4.
11
Let q = 489 - 139. Let o = q - 520. What are the prime factors of 2*(o/4)/(-5)?
17
Let n(p) = 5*p - 6. Let r(o) = o**3 - 3*o**2 + 2*o - 1. Let l be r(3). What are the prime factors of n(l)?
19
Suppose 2*u + u - 9 = 0. Suppose 3*z = u*l + 12, z + 0*l + 8 = 4*l. List the prime factors of z.
2
Let y be 4/(-2) + (-2)/(-1). Suppose 0 = -w + 4*u - 5, y*u - 2*u = -2*w - 16. Let z = -1 - w. List the prime factors of z.
2
Let w be (8 + -7)/((-2)/54). Let l = -6 - w. List the prime factors of l.
3, 7
Suppose 4*n = -x + 316, 0 = 4*x - 4*n - 612 - 692. What are the prime factors of x?
2, 3
Let m(z) = z**3 + z**2 - z + 29. Let w be m(0). Let c = w + 17. Suppose 0 = -3*v - 5*g + c, g = -5*v + 2*g + 58. List the prime factors of v.
2, 3
Let b(v) = 3*v + 3. List the prime factors of b(11).
2, 3
List the prime factors of (-6)/4 - (-616)/16.